5
9
What is 9 + (-11 - -31 - -10 - (-2 - 7))?
48
Calculate -79 - (-149 + (-56 - -53)).
73
What is (125 - -1) + (-31 + 32 - (-5 + 3 - -15))?
114
Calculate -30 + -2 - 75 - -73.
-34
What is the value of 7 + -129 + 71 + 16 + -60?
-95
What is (0 - 7) + 3 + 1 + 310 + -298?
9
What is 6 + (-9 + 3 - 0) + 24?
24
What is 2 + -1 + 15 + (-11 - (-1 - 25))?
31
What is -25 - (-1 - (13 + -12) - -21)?
-44
What is -31 + 33 + (-30 - ((-4 - -3) + 0))?
-27
What is (25 - (49 - 4)) + 1 + -6?
-25
What is -57 - (-44 + (54 - 3))?
-64
What is (29 - 66) + 7 - -2 - 36?
-64
Calculate -2 + -3 + (51 + (-52 - 31) - 10).
-47
(47 - 51) + -8 - (2 - -11 - 1) - -5
-19
What is the value of -3 + -12 + (10 - 6) + (-194 - -171)?
-34
Calculate -58 + (92 + -14 - -16).
36
What is the value of 54 - (61 + -34) - 26?
1
What is -58 - -83 - (9 - 12 - (-3 + -1))?
24
What is 10 - 48 - -5 - (-414 - -357)?
24
Calculate (-4 + -4 - 46) + 7 - (-27 - (-47 + 10)).
-57
What is -14 + 3 + (-37 - -48)?
0
(9 - -1) + 1024 + -928
106
Evaluate 6 - 3 - (-25 + 15 + 3).
10
What is -1085 + 1153 + (-2 - (8 - 4))?
62
What is the value of 11 + -70 + 3 + 20?
-36
What is 10941 + -10968 - (0 + (-1 - 14))?
-12
48 + (32 - (4 - -39))
37
Evaluate (-16 - (-23 + (28 - 12))) + 12 + 1.
4
Evaluate -3 + -53 - -46 - 38.
-48
Evaluate 25 + -8 + 8 + -1 + (-61 - -61).
24
What is the value of -20 + (-22 + 114 - (-3 - -9))?
66
Calculate -6 - 1 - (-134 + 267 - 133).
-7
Calculate (-4 - -42) + -7 + -146 - -37.
-78
(-5813 - -5829) + (1 + 1 + 69 - -1)
88
Calculate 4 + (11 + -18 + -4 + 11 - 18) + -6.
-20
What is the value of -159 + 155 + (-8 - -78)?
66
What is the value of -40 - (37 + -73 + 2)?
-6
What is (-9 - (100 + -8)) + 37?
-64
What is 15 - (-7 - -2) - (6 - (11 + -7))?
18
What is 5 + 58 + -30 - 5 - -25?
53
What is -21 + -172 + (-30 - -90)?
-133
What is the value of -16 - 0 - (-83 + 54 + -46) - 12?
47
What is the value of 33 - (-57 - -83) - (4 + -2 - (-1 + 39))?
43
(10 - 5) + 2 + 7 + -1 + -3 + 74
84
Calculate 4 + 38 + -33 + 26 - 87.
-52
What is the value of -17 + (27 - 21) + 15?
4
25 + -12 - -23 - (98 + 23)
-85
-33 - (-6 + 3 + 0) - 0 - (-11 + 10)
-29
What is the value of (1 - -1) + -47 - (3 + -26)?
-22
Calculate 2 + 0 + -68 + -2 + (3689 - 3683).
-62
What is the value of -6 + (2 - 6) - ((25 - (-20 - -21)) + -47)?
13
-2 + -57 + (35 - 21)
-45
Evaluate 68 - (4 - (-5 - 19) - 16).
56
Evaluate -52 + 83 + -44 - (113 - 12).
-114
What is the value of 5 + -63 + (888 - 778)?
52
What is -21 + -23 + (60 - 30)?
-14
Evaluate (1 - ((3 - (-8 - -9)) + 12)) + -16.
-29
Calculate 14 + (-1 - 3) + (108 - (54 + 10)).
54
-106 - (-209 - -97) - (1 + -52)
57
(-53 - 1) + (-333 - -327) + (10 - 1)
-51
Evaluate -446 + 445 + (1 - -14) - -20.
34
Evaluate 13 + -83 + 4 + 9 + -15 + 7.
-65
Evaluate -48 - (-7 + -12) - (-5 - 18).
-6
What is (-28 - 34 - 3) + 1?
-64
Evaluate -3 - (13 + -30 - 5 - -11 - -46).
-38
What is (-12 - (-44 + 67)) + 33 + -6?
-8
What is the value of -181 + 22 + -47 + 32 - -44?
-130
What is (-48 + 16 - -32) + (24 + -2 - 1) + 0?
21
(-36 - -13) + (-1 - (12 + -9)) - -12
-15
-147 + 285 + -149 + (74 - -4) + (1 - 1)
67
What is the value of -56 + (167 + 24 - 76)?
59
Evaluate 9 - (82 + (6 - (-2 - (10 - 15)))).
-76
What is 56 + 1 + 3 + (15 - (42 - 14 - 19))?
66
Calculate 30 + -22 + 28 - 48.
-12
What is 6 - -5 - (-59 - (-35 + 17))?
52
What is the value of 11 - (-22 - (-79 - 12 - -22))?
-36
Calculate 54 + (-4 - 13) + -7 + 3.
33
What is the value of -309 + 293 + (-14 - 23) + (-1 - -3)?
-51
What is the value of (-75 - -38 - 48) + 8 - 35?
-112
Calculate (-564 - -561) + (22 - (1 - -4)).
14
What is the value of 6 - 59 - (42 + (49 - 91))?
-53
(109 - 39) + -67 + -23 + (10 - (0 - -1))
-11
What is the value of 2 + -2 + 22 - (-1869 + 1851)?
40
Calculate 14 + -109 - (4 - (-11 + 16)).
-94
(-143 + 108 - (0 - -2)) + 22
-15
What is the value of 17 + -41 - (6 - 18)?
-12
Evaluate -5 + (18 - ((7 - (3 - 5)) + 0)) + -47.
-43
What is (38 + -28 - 15) + 2 + -5 + 4 + 8?
4
33 + -15 + 8 + 0 + 354 + -372
8
What is the value of 41 + 12 + -2 + -3 + -5 + -14?
29
Calculate 3 + (141 - (-10 + 40)) + -32.
82
Evaluate -79 + (-101 - (11 - 110)) + (0 - -13).
-68
Evaluate -9 + 0 - (-2520 + 2538).
-27
What is (14 + -21 + 6 - 0) + 8?
7
What is the value of 7 + 2 - (11 + -12 + 3 + -16)?
23
Evaluate (1 + 2 - (43 - (-32 + 55))) + -6 + 4.
-19
Calculate (7 - 12) + (74 + -30 - 78).
-39
(-36 + -1 - (87 + -74 - 16)) + -18
-52
Evaluate -12 + 58 - (-3 + -43 + 14).
78
What is the value of -8 - (-73 + 55 + 57)?
-47
What is the value of (-50 + 132 - 62) + -1 + -5?
14
-20 + -9 - -14 - -68
53
What is -2 + -1 - -17 - (-101 + 41 + 49)?
25
-43 - -79 - -6 - 15
27
What is the value of (1 - -73 - ((-118 - -140) + 5 + -28)) + -10?
65
Calculate (57 - 66) + 3 + 67 + -1 + 4 + -4.
60
What is the value of (-32 - -13 - 19 - -131 - (-4 + 1)) + -1?
95
Evaluate ((20 - 29) + (11 - -1) - -4) + (-3 - 1).
3
(-11 - -1) + (23 + 60 - 63)
10
What is -9 - -15 - (-2 + (-5 - -56)) - (3 - 12)?
-34
What is (-21 - (6 - 4) - -30 - (0 - -5)) + -8?
-6
Evaluate (-15 - 3) + (22 - (36 + -48)).
16
Evaluate (-1 - 39) + (-461 - -442).
-59
What is -45 - (28 - 0 - (83 - (14 - -51)))?
-55
What is (1333 - 1301) + (-2 - 24)?
6
Evaluate 121 + 59 + 203 + -314.
69
-31 - ((-80 - -96) + (-2 - -12) + -7)
-50
What is 175 - (-31 + 149) - (0 - 13)?
70
What is 14 - 3 - -25 - 9 - (14 - 7)?
20
Evaluate -805 + 790 - (34 - 0) - -14.
-35
Evaluate -11 + (4 + -13 - ((-28 - -20) + -55)).
43
What is 9 + 33 + ((5 - -4) + -27 - -5)?
29
What is the value of -66 + 158 + (-98 - -68)?
62
What is the value of (8 - -5) + -532 + 511 + 80 + -1?
71
1920 - 1894 - (1 + -4)
29
Evaluate -76 + (194 - (64 - -49)).
5
What is -69 - (-8 + -46 + 29 + 15)?
-59
Evaluate 2 + -1 + 2 + 30 + (106 - (228 + -127)).
38
What is the value of (-7 + -40 - -38) + 3 + -1 + (-1 - 9)?
-17
What is the value of 21 - (3 - -66 - (-20 + 43))?
-25
Calculate -65 - (-12 + (15 - 7) + -9).
-52
15 - (-17 + -19) - (-3 + -7 + 4 - 7)
64
What is (-57 - -23) + -94 + 124?
-4
Evaluate (-20 - 2 - (-983 + 859)) + (-8 - 13).
81
What is the value of 3 + 22 + -8 + (-15 - -14 - (-1 - 1))?
18
8 + (80 - 95 - (-9 - 2) - (45 - -2))
-43
Calculate 47 - 127 - -34 - -83.
37
Calculate 10 - (27 + (8 - 5)) - (-14 - -11).
-17
What is the value of (1 + -13 - (40 - (41 - (53 - 20)))) + 3?
-41
What is -19 + 11 + -5 + 13 + -7?
-7
Calculate -53 + (-2 - 5 - (-84 - -58)).
-34
What is the value of 123 + 1 - (8 + -14 - -15 - 24 - -8)?
131
What is (-1 - (26 + (2 - 3))) + 197 + -206?
-35
Evaluate 303 + -158 - (8 + 69).
68
What is the value of 36 - (80 + -26) - (1 - -22)?
-41
Evaluate 12 - (-136 - -41) - 35.
72
What is the value of -5 - (51 + -16 + 1)?
-41
Evaluate (70 + 50 - 63) + -114.
-57
-124 + (8 - 25) + (-3 - -1) + -36 + 46
-133
What is the value of -20 + (75 - (41 - 35))?
49
427 + -476 - (3 + -1) - -22
-29
What is (2 - 1) + (-23 - ((2 - -12) + 7))?
-43
-138 - -94 - 48 - -17
-75
What is the value of 26 + (-31 + -2 - 0) + -63?
-70
What is -1 + 14 - (-94 - -162)?
-55
What is the value of 1 + (-2 - -2) - (30614 + -30664)?
51
Evaluate 161 - 186 - (-3 + 3 + 35).
-60
What is -52 + (22 - (3 - 0 - (178 - 188)))?
-43
Calculate (-466 - -441) + 19 + 4.
-2
Evaluate 42 + -67 + -84 + (-34 - -73).
-70
Evaluate -57 + 27 + 20 - -37.
27
Evaluate (-4 - -36 - 8 - -19) + 60.
103
What is the value of -13 - (-1 - 6 - (-5 + 8 + -22 + -66))?
-91
15 + -114 + 95 + 25
21
-1 - -40 - (101 + -81 - 33)
52
-7 - ((36 - 31) + -6) - ((1 - 0) + -32)
25
What is the value of 28 + -32 + -8 + 77 + -15?
50
49 - (-1 + (-10 - -11))
49
What is (-4 - -1) + (-37 - (21 + -45) - -64)?
48
Calculate (160 - 2) + -10 + -2 + 1 - (-466 - -459).
154
What is -56 + 0 + (463 - 402)?
5
What is the value of (44 - (21 - -2)) + -13 - -26?
34
Evaluate 0 + 5 - (-42 + 167 - 81).
-39
What is the value of 32 - (-11 - (-2 + -9 + -9 + 5 + 14))?
42
What is the value of -85 - (46 + -34 - 56)?
-41
Evaluate 19 + (-6 - -11 - 4) - -6.
26
What is the value of -89 + (-14 + 35 + -21 + -2 - (0 + 13))?
-104
What is 70 - ((0 + -3 - 3) + (-13 + 48 - 41))?
82
Evaluate 4 - (-13 + (-11 - -17) - ((-8 - -1) + 0)).
4
-165 + 164 - (11 + -22)
10
Calculate 39 + (25 + -25 - 0) + 10.
49
Evaluate (11 - (-19 - -35)) + -3 + -10.
-18
What is the value of (1 + 7 + -18 - (-24 - -17)) + 82?
79
What is the value of -66 + 175 + -170 + (-2 - 3)?
-66
Calculate (